ded by 235.
33
Let u(t) = t**3 + 8*t**2 - 23*t + 2. Let v be 10/3*(-11 - (5 + -13)). Calculate the remainder when 253 is divided by u(v).
29
Suppose -367*b - d - 132 = -369*b, 4*d + 260 = 4*b. Calculate the remainder when 2947 is divided by b.
66
Let q = 277 + -266. Suppose q*b - 72 = -b. Calculate the remainder when 8 is divided by b.
2
Let c(k) = -625*k + 9518. What is the remainder when 1711 is divided by c(15)?
138
Suppose 0 = -5*i + 8*i + 9, 5*y = -2*i + 49. Calculate the remainder when 438 is divided by y.
9
Suppose 45*q = -75 + 851 + 79. Suppose 0 = 4*d + 4*f - 576, -2*f = -5*f - 12. Calculate the remainder when d is divided by q.
15
Suppose -2*g = 0, 3*c - 5*g = -4*g - 1560. Let j = c + 567. What is the remainder when 93 is divided by j?
46
Suppose 0 = 26*k - 71*k + 2970. Suppose 51 = 3*c + 3*f, 31 + 4 = 2*c + 3*f. What is the remainder when k is divided by c/(-10)*105/(-7)?
18
What is the remainder when -4 + (-3 + 3)/(-5) - (1 - 836) is divided by 52?
51
Suppose -4*a + a = 78. Let z = -30 - a. Let r(m) = -5*m + 2. What is the remainder when 87 is divided by r(z)?
21
Let z = -210 + 210. Calculate the remainder when (z - (-6 + -1)) + (-16)/4 is divided by 2.
1
Suppose 2*z + 2*h = 6516, -z + 3256 = -21*h + 24*h. Calculate the remainder when z is divided by 163.
162
Let v = -203 - -137. Let f = v - -168. What is the remainder when f is divided by 31?
9
Suppose -5*l + 3*z - 15 + 191 = 0, -3*l + 132 = -4*z. Let a = -330 + 579. Calculate the remainder when a is divided by l.
25
Suppose 2*z - 10 = 4*z. Calculate the remainder when 3*(-2)/4*5520/(-72) is divided by ((-29)/z)/((-5)/(-25)).
28
Suppose -4*l + 4*h + 8056 = 0, -1800*h = -1797*h - 15. What is the remainder when l is divided by 184?
179
Suppose -483*v = -449*v - 3263 - 3673. What is the remainder when 580 is divided by v?
172
Let y(m) = -141*m - 5. Let q be y(-2). Suppose 13 - q = -2*l. Calculate the remainder when l/3 - 3 - 0 is divided by 14.
13
Calculate the remainder when 268 is divided by (-74)/259 - (-1180)/14.
16
Suppose 2*j - 92 = -102*u + 107*u, u = -5*j + 284. Let v = 52 - 37. Calculate the remainder when j is divided by v.
11
Let p = -5131 - -5639. Calculate the remainder when p is divided by 173.
162
Let l = -18 - -103. Let k(w) = 4*w**2 + 99*w - 445. Calculate the remainder when l is divided by k(-29).
37
Suppose 2*g + 4*q - 186 - 18 = 0, -3*g - 5*q = -309. Suppose g*u - 623 = 101*u. Calculate the remainder when u is divided by 21.
5
Let q be ((-288)/(-60))/(((-4)/(-15))/2). Suppose -2*y = -2, -78 = -3*z + q*y - 39*y. Calculate the remainder when 70 is divided by z.
20
Suppose 96*c - 3844 = -203*c + 6023. What is the remainder when 1111 is divided by c?
22
Suppose -33 = 8*j - 217. Let w(o) = -3*o**2 + 69*o - 4. Let g be w(j). Calculate the remainder when 124 is divided by 0 + g + (-92)/(-6 + 4).
40
Calculate the remainder when (849/(-6))/((-2)/4) is divided by ((-3528)/(-36) - 53) + -1*9.
31
Suppose d - 4 = 0, -3*o = 4*d - 1 + 3. What is the remainder when 71 + 38/12 + (-11)/66 is divided by o/(-9) - (-129)/9?
14
Suppose 0 = -365*h + 373*h + 232. Let u(i) = -i**3 + 7*i**2 + 7*i - 10. What is the remainder when u(7) is divided by (348/h)/((-12)/3 - -2)?
3
Suppose -2*n = -4*n + 36. Suppose 86*l + 13 = 127*l + 385*l - 5951. Calculate the remainder when 868/n - 4/18 is divided by l.
6
Let k(n) = -31*n**3 + 2*n**2 + 2*n + 1. Let h be k(-1). Suppose 160 - h = o. Let s = o - 61. What is the remainder when s is divided by 23?
21
Suppose 897*s - 4*r + 964 = 902*s, -722 = -4*s + 5*r. What is the remainder when s is divided by 25?
13
Let w be -2*(-12)/(-48) + (-18)/(-4). Suppose -z = 5*x - w*z - 235, -5*z = 3*x - 175. Calculate the remainder when 498 is divided by x.
48
Suppose 3*h - 4*s - 402 = 0, 6*s = -14*h + 17*h - 396. Let v(r) = r**2 - 3*r + 7. What is the remainder when h is divided by v(5)?
2
Suppose 25*n + 120 - 284 = 136. Calculate the remainder when 348 is divided by n.
0
Let f = -249723 - -249748. Let b(t) = t**3 + 6*t**2 - 2*t - 4. What is the remainder when b(-5) is divided by f?
6
Let c = 2767 + -2753. Calculate the remainder when 1812 is divided by c.
6
Suppose 5*v + 742 - 292 = 0. Let f = 115 + v. Calculate the remainder when 142 is divided by f.
17
Let x = -113267 - -113368. Suppose -46 - 32 = -3*u. Calculate the remainder when x is divided by u.
23
Let w = -3845 - -4033. What is the remainder when w is divided by 42?
20
Let f = 5915 + -5828. What is the remainder when 712 is divided by f?
16
What is the remainder when (-20)/6*636/265 + 398 is divided by 33?
27
Let h(m) = -2*m**2 - 6*m - 4. Let y be h(-2). Suppose y = 12*d - 17*d + 4*x + 1457, x = 5*d - 1448. Calculate the remainder when d is divided by 21.
16
Suppose -51*i + 4618 = -635. Suppose 1824 = -43*o + 49*o. What is the remainder when o is divided by i?
98
Let a be ((2/(-2))/1)/(-24 - -23). Suppose q = 3*u - 574 + 203, 4*u = -3*q + 486. Calculate the remainder when u is divided by a/(-2)*(-13)/(78/300).
23
Suppose -7*t + 320 + 604 = 0. Let g = t + -123. Suppose 3*y = 4*y - 34. What is the remainder when y is divided by g?
7
Let z = -4397 - -4478. Calculate the remainder when 541 is divided by z.
55
Suppose -26*g = -21*g - 10. Suppose -g*i + 18 = 6*c - 5*c, i = -4*c + 79. What is the remainder when 59 is divided by c?
19
Let s = 8533 - 6705. What is the remainder when s is divided by 912?
4
Let v(g) = -8*g - 2. What is the remainder when (161/(-77) - 12/(-11))*-181 is divided by v(-6)?
43
Let o = 11267 - 11214. What is the remainder when 580 is divided by o?
50
Let x = 1963 + 1309. Calculate the remainder when x is divided by 39.
35
Let s = 5402 - 5363. Calculate the remainder when 2762 is divided by s.
32
Let l = -8840 - -15015. What is the remainder when l is divided by 87?
85
Let z = 60 + -56. Let y be (6/8)/(1/z). Suppose y*b - 4*p = 4 + 19, 31 = 5*b - 3*p. Calculate the remainder when 7 is divided by b.
2
Let l(q) = -4*q + 30. Let r(x) = x - 11. Let s(g) = -2*l(g) - 7*r(g). Calculate the remainder when s(19) is divided by 6.
0
Let w(q) = 3*q**3 - 4*q**2 - 2*q + 12. Let o(p) be the second derivative of 8*p**3/3 - 5*p**2/2 + 5*p. Calculate the remainder when o(2) is divided by w(2).
11
Suppose 3*h + 4*k + 454 = 0, 2*h = 5*k - 249 - 46. Let d = -131 - h. Let x(u) = 31*u - 1. Calculate the remainder when x(1) is divided by d.
11
Suppose -f = f - 3*o - 21, o + 3 = 0. Suppose -3*n = -2*l + 67, f*n = -5*l + n + 155. Let u = 45 + l. Calculate the remainder when u is divided by 20.
17
Let s(w) = w**3 - 18*w**2 + 17*w + 4. Let l be s(17). Suppose -5*v = -5*q - 158 + 8, 125 = l*v - 3*q. What is the remainder when 100 is divided by v?
30
Let v = -10 - -135. Suppose 21*i - 20*i - 3 = 0. Suppose -2*l + 6 + 42 = 3*p, -4*p = -i*l - 81. What is the remainder when v is divided by p?
17
Calculate the remainder when (-134)/(-3*8/108*3) is divided by 21.
12
Suppose p + 918 = 3*p. Suppose -4*o + p = 155. Let b = o - 51. What is the remainder when b is divided by 14?
11
Let g = -74 + 78. Suppose -3*a = g*a - 217. What is the remainder when 495 is divided by a?
30
Let w = 394 - 412. Let y(k) = 8*k**2 - 1. Calculate the remainder when (-27)/w*(15 - -1) is divided by y(-1).
3
Let z(y) = 7*y**2 + 15*y - 16. Calculate the remainder when z(7) is divided by 106.
8
Suppose 47*m = -106*m - 3*m + 32604. What is the remainder when 530 is divided by m?
112
Let x be (1 - 2)*-2 + 838. Let m(o) = o**3 + 25*o**2 + 18*o - 133. Let c be m(-24). Suppose c*r + 4*r - x = 0. What is the remainder when r is divided by 31?
25
Let a(q) = -4*q**3 - 5*q**2 - 4*q - 4. Let z(n) = -2*n**3 - 4*n**2 - 3*n - 3. Let f(w) = -3*a(w) + 4*z(w). Calculate the remainder when 283 is divided by f(3).
85
Let z = -19 + 44. Let v(p) = -2*p**2 + 22*p + 2. Let c be v(10). Suppose -3*f + c = d - 2*d, -d = 2*f - 13. Calculate the remainder when z is divided by f.
4
Suppose 0 = 43*o + 328 + 360. Let y be (3 - 5)/(2/(-31)). Let x = y - o. Calculate the remainder when x is divided by 12.
11
Let u = 132 + -132. Suppose 5*o - 251 + 76 = u. What is the remainder when 56 is divided by o?
21
Suppose 24 = f + 5*f. What is the remainder when 94 is divided by (-9 + f - -5) + 16?
14
Suppose -1638*s + 1636*s = h - 398, -404 = -2*s - 2*h. What is the remainder when 454 is divided 